6 and j?
7
Let s be 260/25 + (-8)/20. What is the greatest common divisor of s and 40?
10
Suppose -o + 63 = 4*n, -11 = -2*n - 2*o + 13. What is the highest common factor of n and 102?
17
Suppose -18 = -2*f - f. Let o(s) = 5*s. Let t be o(f). Calculate the greatest common factor of 20 and t.
10
Let w be (-9 + -11)/(2/(-16)). What is the greatest common factor of w and 20?
20
Suppose -2*s + 2*f - 70 - 218 = 0, -4*s = 2*f + 546. Let z = -51 - s. What is the greatest common divisor of 8 and z?
8
Suppose -200 = 95*d - 99*d. Calculate the greatest common factor of d and 40.
10
Let d be 32/48*1*9. Let j be (30/7)/((-3)/(-21)). Suppose -4*t + j = t. What is the greatest common factor of t and d?
6
Let l be 6*1/((-4)/(-70)). Suppose 24 = -y - 18. Let x be -3 - (y + (-6)/2). What is the greatest common factor of x and l?
21
Let q be (-1 + -5)/(5 - 6). Let f = -26 - -44. What is the highest common factor of f and q?
6
Let i(f) = f**2 - f - 4. Let d be i(4). Let p = 15 - d. Let h be 7/((4/2)/22). Calculate the highest common factor of p and h.
7
Let j(z) = z**2 + 8*z + 5. Let y be j(-8). Suppose -y*t + 70 + 15 = 0. What is the highest common divisor of t and 17?
17
Let u(b) = 2*b - 2. Let y be u(5). Let d = 6 + -5. Let j = d + y. What is the greatest common divisor of 81 and j?
9
Let j be 55 + 1*(0 - 1). What is the greatest common divisor of j and 6?
6
Let x = -58 + 280. Suppose -4*f = 8, f - x + 26 = -3*m. What is the greatest common divisor of m and 11?
11
Let h(y) = y + 2. Let x be h(6). Calculate the greatest common factor of x and 48.
8
Suppose -3*x + 3*p = 0, x + 5*p - 14 = -x. Let n be (5 + -10)*(0 - x). What is the greatest common divisor of n and 10?
10
Let x(y) = y**2 + 4*y - 3. Let z be x(-7). Suppose 9*i = 4*i + 15. Suppose i*g - 2 = 2*g. What is the greatest common divisor of g and z?
2
Suppose -13*s + 4*s = -81. What is the greatest common factor of s and 6?
3
Let z(s) = -151*s**3 - 2*s**2 + s + 2. Let w be z(-1). Calculate the highest common divisor of 30 and w.
30
Let z = 1 - -1. Suppose -2*p - z*o + 33 = -o, -15 = -5*o. What is the highest common factor of p and 3?
3
Suppose -3*t = q - 51, 0 = 3*q + 3 + 6. Let z be ((-10)/(-15))/((-2)/(-42)). Let x = -8 + z. Calculate the highest common divisor of x and t.
6
Suppose v + 6 = 5. Let q(i) = -i**2 - 5*i + 1. Let d be q(-5). Let h be (-1)/d + 27 + v. What is the highest common factor of h and 10?
5
Let d(b) = b - 12. Let j be d(7). Let z = 15 + j. Calculate the highest common divisor of 10 and z.
10
Let f(j) = -j - 8. Let k be f(-6). Let t be k + 1 + (3 - -15). Let m = -9 - -26. What is the greatest common divisor of t and m?
17
Suppose -4*k + 923 = 5*x, -3*x + 5*k + 466 = -110. Let n = -7 + 76. Suppose 2*i = u + 38, i - 6*i - 4*u = -n. What is the greatest common divisor of x and i?
17
Let s(p) = p**3 + 7*p**2 - 3*p - 2. Suppose 0*r - 3*r - 40 = 4*i, -32 = 3*r + 2*i. Let l be s(r). Let c = 62 + l. What is the greatest common factor of 5 and c?
5
Suppose 0 = 5*i - 0*i + 45. Let o(h) = -2*h**2 + h**2 - 10*h + 4 - 1. Let a be o(i). Calculate the greatest common factor of 12 and a.
12
Suppose 4*h - 2*h = -12. Let s be (76/h)/(8/(-12)). What is the highest common factor of 152 and s?
19
Let c = -20 + 33. What is the highest common factor of 65 and c?
13
Let q = -17 + 23. What is the greatest common factor of 66 and q?
6
Suppose 0 = r - 3 - 0. Suppose -20 = -r*h - 2*h. What is the greatest common divisor of h and 20?
4
Let p be -3 + (-8 - 0)/1. Let x = p + 26. What is the highest common divisor of 3 and x?
3
Suppose -43 - 47 = -5*o. Suppose 0 = 5*s + o - 68. Calculate the highest common divisor of 10 and s.
10
Let w = -8 + 21. Suppose 4*g = -a + 2*a + 46, 3*g = -a + 31. Suppose -2*y + 82 = -2*d, -4*d - g - 36 = -y. Calculate the highest common factor of y and w.
13
Suppose -44 + 155 = -3*a. Let i = 51 - a. Let n = i + -13. Calculate the highest common factor of n and 15.
15
Suppose 3*p = -5*o + 165, 5*o - 71 = p + 74. What is the greatest common divisor of 15 and o?
15
Suppose 2*n = -5*j + 122, -70 = -4*n - 4*j + 186. Let l be -1 + (-6)/(-1) - -1. Calculate the greatest common factor of n and l.
6
Suppose 135 - 894 = -3*t. What is the highest common divisor of 23 and t?
23
Suppose 2*a - 42 + 2 = 0. Suppose 0 = -4*j + a. Suppose -h + 119 = -0*h - 2*z, j*h = -3*z + 608. Calculate the greatest common factor of 11 and h.
11
Suppose 36 = 4*i - 0*i. Let b(k) = -i*k + 4*k - 6 - 3*k. Let l be b(-4). What is the greatest common factor of 39 and l?
13
Let c(m) = m + 209. Let a be c(0). Suppose -8 = -2*s, 3*v + 5*s - 115 = -2*v. What is the highest common factor of a and v?
19
Let i(c) = c + 4. Suppose 31 = 5*k + 2*o, 2*k + 27 = 5*k - 3*o. Let m be i(k). What is the greatest common factor of 11 and m?
11
Suppose 2*g - 84 = -2*g. Calculate the greatest common divisor of g and 42.
21
Let q(z) be the first derivative of 4*z**2 + 4*z + 1. Let u(j) = -j**2 + 7*j - 6. Let p be u(5). Let c be q(p). What is the highest common divisor of c and 90?
18
Let s be (-6)/((2*-2)/(-4)). Let d be s/(-9) + (-13)/(-3). What is the greatest common divisor of d and 5?
5
Let o be -23 - 0 - (5 - 2). Let t = o - -58. What is the highest common divisor of t and 4?
4
Suppose 0 = -f - 0*f - 15. Let s be 4/(-14) + (-867)/(-21). Let d = s + f. Calculate the highest common divisor of 13 and d.
13
Let t = 1 + 21. Calculate the greatest common factor of t and 198.
22
Suppose 6*q - 7*q = -4. Calculate the highest common divisor of q and 40.
4
Let p(h) = 6*h - 8. Let r be p(3). What is the greatest common factor of r and 2?
2
Suppose w = -3*w + 108. Let u be (2/(-3))/((-1)/3). Suppose 2*a + u*f = 28, -41 = -4*a - 0*f - f. What is the greatest common divisor of a and w?
9
Let m be ((-4)/6)/(4/(-3) + 1). What is the highest common factor of 16 and m?
2
Suppose -4*f - 2*x = -50, -16 = -5*f + 3*x + 41. Calculate the greatest common divisor of f and 60.
12
Let p(r) = 4*r**2 + 2*r - 2. Let z be p(-2). What is the highest common factor of 10 and z?
10
Let t = -13 - -21. Let l be t/28 + (-2008)/(-28). Calculate the highest common factor of 9 and l.
9
Let x(v) = -v**2 - 15*v - 4. Let r be x(-11). What is the greatest common factor of r and 16?
8
Suppose 2*y = y + 4. Suppose -y*n = -505 - 35. What is the greatest common divisor of 15 and n?
15
Let x(j) = j**2 + 7*j + 11. Let i be x(-5). Let w be -5*(-3 + i + 0). What is the highest common divisor of w and 2?
2
Suppose 8*p - 7*p = -3*v + 15, 0 = -2*p - 4*v + 24. What is the highest common divisor of p and 114?
6
Suppose 4*p = 12, 2*p + 54 = 2*a + 3*a. Calculate the highest common factor of a and 4.
4
Let u be 168/78 + 2/(-13). Suppose -j = u*j - 12. Calculate the highest common factor of 28 and j.
4
Let w(g) = g**3 - 2*g**2 + 4*g - 3. Let d be w(2). Suppose -u + d = -5. What is the highest common divisor of 5 and u?
5
Let d(a) = a**3 - 33*a**2 + 34*a + 5. Let x be d(32). Let y(h) = -4*h**3 - h**2 + 2*h - 1. Let q be y(-2). What is the greatest common factor of q and x?
23
Suppose -5*k - l = -2*l - 40, -5*l = k - 34. What is the greatest common divisor of k and 81?
9
Let v(b) = -b**2 + 9*b - 8. Let u be v(5). Calculate the greatest common factor of u and 108.
12
Suppose -2 = -k - 4*a - 5, 5*k + 2*a - 3 = 0. Let m(b) = 2*b**2 - 1. Let o be m(1). What is the highest common factor of k and o?
1
Let q be 248/25 + (-44)/(-550). What is the greatest common factor of 40 and q?
10
Let h = 7 + 2. Let n be 0 + 4*(-6)/2. Let p be (-3)/n + 35/4. Calculate the highest common divisor of p and h.
9
Suppose 0*u + 3*u - 22 = -5*k, 0 = -5*k - 5. What is the greatest common divisor of u and 9?
9
Suppose -5 + 1 = -3*p - n, -4*n + 8 = 4*p. Calculate the greatest common factor of p and 2.
1
Let b(u) be the first derivative of 29*u**2/2 + u + 1. Let q be b(4). Calculate the greatest common divisor of 13 and q.
13
Suppose -1411 = -w - 5*i, 0 = -4*w + 3*w - 2*i + 1396. Suppose -2*r = 4*r - w. Let q be (3/2)/(2/28). Calculate the highest common factor of q and r.
21
Suppose -3*v + 22 = 3*s + 4, 14 = v - 3*s. Suppose -x + 46 = -2*l, 5*x - 3*l = -6*l + 295. Calculate the highest common divisor of x and v.
8
Let j(k) = -2 + k**2 - 2*k**2 - 9*k - 2. Let u(g) = -g**3 - 3*g**2 + 2*g. Let l be u(-3). Let a be j(l). What is the high